{"id":1081,"date":"2021-02-08T13:24:48","date_gmt":"2021-02-08T12:24:48","guid":{"rendered":"http:\/\/dounia.yo1f.ovh\/wordpress\/?page_id=1081"},"modified":"2025-05-05T11:25:56","modified_gmt":"2025-05-05T09:25:56","slug":"fresque","status":"publish","type":"page","link":"https:\/\/dounia-decor.com\/?page_id=1081","title":{"rendered":"Fresque"},"content":{"rendered":"\t\t<div data-elementor-type=\"wp-page\" data-elementor-id=\"1081\" class=\"elementor elementor-1081\">\n\t\t\t\t\t\t<section class=\"elementor-section elementor-top-section elementor-element elementor-element-085c479 elementor-section-boxed elementor-section-height-default elementor-section-height-default\" data-id=\"085c479\" data-element_type=\"section\">\n\t\t\t\t\t\t<div class=\"elementor-container elementor-column-gap-default\">\n\t\t\t\t\t<div class=\"elementor-column elementor-col-50 elementor-top-column elementor-element elementor-element-9804db5\" data-id=\"9804db5\" data-element_type=\"column\">\n\t\t\t<div class=\"elementor-widget-wrap elementor-element-populated\">\n\t\t\t\t\t\t<div class=\"elementor-element elementor-element-52e3396 elementor-vertical-align-top elementor-widget elementor-widget-image-box\" data-id=\"52e3396\" data-element_type=\"widget\" data-widget_type=\"image-box.default\">\n\t\t\t\t<div class=\"elementor-widget-container\">\n\t\t\t\t\t<div class=\"elementor-image-box-wrapper\"><div class=\"elementor-image-box-content\"><h3 class=\"elementor-image-box-title\">Fresque<br>Ornements muraux<br><\/h3><p class=\"elementor-image-box-description\"><br>A utiliser pour cr\u00e9er des ambiances vari\u00e9es selon vos envies :<br><br>classique, moderne, chaleureux, fantaisie...<br><br>La fresque peut donner de la profondeur \u00e0 votre pi\u00e8ce et am\u00e8ne du r\u00eave dans vos espaces. <br><br>Ces d\u00e9cors s'adaptent sur mesure pour  personnaliser enti\u00e8rement votre projet.<br><br>Pour des descriptions de chantiers d\u00e9taill\u00e9es, rendez-vous dans  <a href=\"https:\/\/dounia-decor.com\/?page_id=133\">  \"R\u00e9alisations\" <\/a><\/p><\/div><\/div>\t\t\t\t<\/div>\n\t\t\t\t<\/div>\n\t\t\t\t\t<\/div>\n\t\t<\/div>\n\t\t\t\t<div class=\"elementor-column elementor-col-50 elementor-top-column elementor-element elementor-element-28315f4\" data-id=\"28315f4\" data-element_type=\"column\">\n\t\t\t<div class=\"elementor-widget-wrap elementor-element-populated\">\n\t\t\t\t\t\t<div class=\"elementor-element elementor-element-c42535c elementor-widget elementor-widget-image\" data-id=\"c42535c\" data-element_type=\"widget\" data-widget_type=\"image.default\">\n\t\t\t\t<div class=\"elementor-widget-container\">\n\t\t\t\t\t\t\t\t\t\t\t\t\t\t\t\t<a href=\"https:\/\/dounia-decor.com\/wp-content\/uploads\/2023\/12\/panoramique-escalier.jpg\" data-elementor-open-lightbox=\"yes\" data-elementor-lightbox-title=\"panoramique-escalier\" data-e-action-hash=\"#elementor-action%3Aaction%3Dlightbox%26settings%3DeyJpZCI6Mjg1NiwidXJsIjoiaHR0cHM6XC9cL2RvdW5pYS1kZWNvci5jb21cL3dwLWNvbnRlbnRcL3VwbG9hZHNcLzIwMjNcLzEyXC9wYW5vcmFtaXF1ZS1lc2NhbGllci5qcGcifQ%3D%3D\" data-rel=\"lightbox-gallery-BRq4sNo1\" data-rl_title=\"\" data-rl_caption=\"\" title=\"\">\n\t\t\t\t\t\t\t<img fetchpriority=\"high\" decoding=\"async\" width=\"512\" height=\"1024\" src=\"https:\/\/dounia-decor.com\/wp-content\/uploads\/2023\/12\/panoramique-escalier-512x1024.jpg\" class=\"attachment-large size-large wp-image-2856\" alt=\"trompe l&#039;oeil fresque\" srcset=\"https:\/\/dounia-decor.com\/wp-content\/uploads\/2023\/12\/panoramique-escalier-512x1024.jpg 512w, https:\/\/dounia-decor.com\/wp-content\/uploads\/2023\/12\/panoramique-escalier-150x300.jpg 150w, https:\/\/dounia-decor.com\/wp-content\/uploads\/2023\/12\/panoramique-escalier-275x550.jpg 275w, https:\/\/dounia-decor.com\/wp-content\/uploads\/2023\/12\/panoramique-escalier.jpg 709w\" sizes=\"(max-width: 512px) 100vw, 512px\" \/>\t\t\t\t\t\t\t\t<\/a>\n\t\t\t\t\t\t\t\t\t\t\t\t\t\t\t<\/div>\n\t\t\t\t<\/div>\n\t\t\t\t\t<\/div>\n\t\t<\/div>\n\t\t\t\t\t<\/div>\n\t\t<\/section>\n\t\t\t\t<section class=\"elementor-section elementor-top-section elementor-element elementor-element-b223dfe elementor-section-boxed elementor-section-height-default elementor-section-height-default\" data-id=\"b223dfe\" data-element_type=\"section\">\n\t\t\t\t\t\t<div class=\"elementor-container elementor-column-gap-default\">\n\t\t\t\t\t<div class=\"elementor-column elementor-col-50 elementor-top-column elementor-element elementor-element-2ad0e3c\" data-id=\"2ad0e3c\" data-element_type=\"column\">\n\t\t\t<div class=\"elementor-widget-wrap elementor-element-populated\">\n\t\t\t\t\t\t<div class=\"elementor-element elementor-element-a6d43e0 elementor-invisible elementor-widget elementor-widget-image\" data-id=\"a6d43e0\" data-element_type=\"widget\" data-settings=\"{&quot;_animation&quot;:&quot;fadeIn&quot;}\" data-widget_type=\"image.default\">\n\t\t\t\t<div class=\"elementor-widget-container\">\n\t\t\t\t\t\t\t\t\t\t\t\t\t\t\t\t<a href=\"https:\/\/dounia-decor.com\/wp-content\/uploads\/2021\/01\/glycincarre.jpg\" data-elementor-open-lightbox=\"yes\" data-elementor-lightbox-title=\"D\u00e9cor mural Glycine\" data-e-action-hash=\"#elementor-action%3Aaction%3Dlightbox%26settings%3DeyJpZCI6Nzg2LCJ1cmwiOiJodHRwczpcL1wvZG91bmlhLWRlY29yLmNvbVwvd3AtY29udGVudFwvdXBsb2Fkc1wvMjAyMVwvMDFcL2dseWNpbmNhcnJlLmpwZyJ9\" data-rel=\"lightbox-gallery-BRq4sNo1\" data-rl_title=\"\" data-rl_caption=\"\" title=\"\">\n\t\t\t\t\t\t\t<img decoding=\"async\" width=\"1024\" height=\"1024\" src=\"https:\/\/dounia-decor.com\/wp-content\/uploads\/2021\/01\/glycincarre-1024x1024.jpg\" class=\"attachment-large size-large wp-image-786\" alt=\"D\u00e9cor mural Glycine\" srcset=\"https:\/\/dounia-decor.com\/wp-content\/uploads\/2021\/01\/glycincarre-1024x1024.jpg 1024w, https:\/\/dounia-decor.com\/wp-content\/uploads\/2021\/01\/glycincarre-300x300.jpg 300w, https:\/\/dounia-decor.com\/wp-content\/uploads\/2021\/01\/glycincarre-150x150.jpg 150w, https:\/\/dounia-decor.com\/wp-content\/uploads\/2021\/01\/glycincarre-768x768.jpg 768w, https:\/\/dounia-decor.com\/wp-content\/uploads\/2021\/01\/glycincarre-425x425.jpg 425w, https:\/\/dounia-decor.com\/wp-content\/uploads\/2021\/01\/glycincarre-640x640.jpg 640w, https:\/\/dounia-decor.com\/wp-content\/uploads\/2021\/01\/glycincarre-1200x1200.jpg 1200w, https:\/\/dounia-decor.com\/wp-content\/uploads\/2021\/01\/glycincarre-600x600.jpg 600w, https:\/\/dounia-decor.com\/wp-content\/uploads\/2021\/01\/glycincarre.jpg 1240w\" sizes=\"(max-width: 1024px) 100vw, 1024px\" \/>\t\t\t\t\t\t\t\t<\/a>\n\t\t\t\t\t\t\t\t\t\t\t\t\t\t\t<\/div>\n\t\t\t\t<\/div>\n\t\t\t\t\t<\/div>\n\t\t<\/div>\n\t\t\t\t<div class=\"elementor-column elementor-col-50 elementor-top-column elementor-element elementor-element-a36b88c\" data-id=\"a36b88c\" data-element_type=\"column\">\n\t\t\t<div class=\"elementor-widget-wrap elementor-element-populated\">\n\t\t\t\t\t\t<div class=\"elementor-element elementor-element-0945bcb elementor-widget elementor-widget-image\" data-id=\"0945bcb\" data-element_type=\"widget\" data-widget_type=\"image.default\">\n\t\t\t\t<div class=\"elementor-widget-container\">\n\t\t\t\t\t\t\t\t\t\t\t\t\t\t\t\t<a href=\"https:\/\/dounia-decor.com\/wp-content\/uploads\/2021\/07\/Fresque-escalier.jpg\" data-elementor-open-lightbox=\"yes\" data-elementor-lightbox-title=\"Fresque &quot;l&#039;Arbre aux Oiseaux&quot;\" data-e-action-hash=\"#elementor-action%3Aaction%3Dlightbox%26settings%3DeyJpZCI6MjE1NywidXJsIjoiaHR0cHM6XC9cL2RvdW5pYS1kZWNvci5jb21cL3dwLWNvbnRlbnRcL3VwbG9hZHNcLzIwMjFcLzA3XC9GcmVzcXVlLWVzY2FsaWVyLmpwZyJ9\" data-rel=\"lightbox-gallery-BRq4sNo1\" data-rl_title=\"\" data-rl_caption=\"\" title=\"\">\n\t\t\t\t\t\t\t<img decoding=\"async\" width=\"1024\" height=\"1024\" src=\"https:\/\/dounia-decor.com\/wp-content\/uploads\/2021\/07\/Fresque-escalier-1024x1024.jpg\" class=\"attachment-large size-large wp-image-2157\" alt=\"Fresque d&#039;escalier arbre oiseaux peints\" srcset=\"https:\/\/dounia-decor.com\/wp-content\/uploads\/2021\/07\/Fresque-escalier-1024x1024.jpg 1024w, https:\/\/dounia-decor.com\/wp-content\/uploads\/2021\/07\/Fresque-escalier-300x300.jpg 300w, https:\/\/dounia-decor.com\/wp-content\/uploads\/2021\/07\/Fresque-escalier-150x150.jpg 150w, https:\/\/dounia-decor.com\/wp-content\/uploads\/2021\/07\/Fresque-escalier-768x768.jpg 768w, https:\/\/dounia-decor.com\/wp-content\/uploads\/2021\/07\/Fresque-escalier-425x425.jpg 425w, https:\/\/dounia-decor.com\/wp-content\/uploads\/2021\/07\/Fresque-escalier.jpg 1240w\" sizes=\"(max-width: 1024px) 100vw, 1024px\" \/>\t\t\t\t\t\t\t\t<\/a>\n\t\t\t\t\t\t\t\t\t\t\t\t\t\t\t<\/div>\n\t\t\t\t<\/div>\n\t\t\t\t\t<\/div>\n\t\t<\/div>\n\t\t\t\t\t<\/div>\n\t\t<\/section>\n\t\t\t\t<section class=\"elementor-section elementor-top-section elementor-element elementor-element-d779e27 elementor-section-boxed elementor-section-height-default elementor-section-height-default\" data-id=\"d779e27\" data-element_type=\"section\">\n\t\t\t\t\t\t<div class=\"elementor-container elementor-column-gap-default\">\n\t\t\t\t\t<div class=\"elementor-column elementor-col-50 elementor-top-column elementor-element elementor-element-d6734b1\" data-id=\"d6734b1\" data-element_type=\"column\">\n\t\t\t<div class=\"elementor-widget-wrap elementor-element-populated\">\n\t\t\t\t\t\t<div class=\"elementor-element elementor-element-ae8fb5d elementor-widget elementor-widget-image\" data-id=\"ae8fb5d\" data-element_type=\"widget\" data-widget_type=\"image.default\">\n\t\t\t\t<div class=\"elementor-widget-container\">\n\t\t\t\t\t\t\t\t\t\t\t\t\t\t\t\t<a href=\"https:\/\/dounia-decor.com\/wp-content\/uploads\/2021\/07\/prestation-pano2.jpg\" data-elementor-open-lightbox=\"yes\" data-elementor-lightbox-title=\"prestation-pano2\" data-e-action-hash=\"#elementor-action%3Aaction%3Dlightbox%26settings%3DeyJpZCI6MjI2NCwidXJsIjoiaHR0cHM6XC9cL2RvdW5pYS1kZWNvci5jb21cL3dwLWNvbnRlbnRcL3VwbG9hZHNcLzIwMjFcLzA3XC9wcmVzdGF0aW9uLXBhbm8yLmpwZyJ9\" data-rel=\"lightbox-gallery-BRq4sNo1\" data-rl_title=\"\" data-rl_caption=\"\" title=\"\">\n\t\t\t\t\t\t\t<img loading=\"lazy\" decoding=\"async\" width=\"1024\" height=\"1024\" src=\"https:\/\/dounia-decor.com\/wp-content\/uploads\/2021\/07\/prestation-pano2-1024x1024.jpg\" class=\"attachment-large size-large wp-image-2264\" alt=\"\" srcset=\"https:\/\/dounia-decor.com\/wp-content\/uploads\/2021\/07\/prestation-pano2-1024x1024.jpg 1024w, https:\/\/dounia-decor.com\/wp-content\/uploads\/2021\/07\/prestation-pano2-300x300.jpg 300w, https:\/\/dounia-decor.com\/wp-content\/uploads\/2021\/07\/prestation-pano2-150x150.jpg 150w, https:\/\/dounia-decor.com\/wp-content\/uploads\/2021\/07\/prestation-pano2-768x768.jpg 768w, https:\/\/dounia-decor.com\/wp-content\/uploads\/2021\/07\/prestation-pano2-1536x1536.jpg 1536w, https:\/\/dounia-decor.com\/wp-content\/uploads\/2021\/07\/prestation-pano2-2048x2048.jpg 2048w, https:\/\/dounia-decor.com\/wp-content\/uploads\/2021\/07\/prestation-pano2-425x425.jpg 425w\" sizes=\"(max-width: 1024px) 100vw, 1024px\" \/>\t\t\t\t\t\t\t\t<\/a>\n\t\t\t\t\t\t\t\t\t\t\t\t\t\t\t<\/div>\n\t\t\t\t<\/div>\n\t\t\t\t\t<\/div>\n\t\t<\/div>\n\t\t\t\t<div class=\"elementor-column elementor-col-50 elementor-top-column elementor-element elementor-element-5a99a39\" data-id=\"5a99a39\" data-element_type=\"column\">\n\t\t\t<div class=\"elementor-widget-wrap elementor-element-populated\">\n\t\t\t\t\t\t<div class=\"elementor-element elementor-element-ebf595d elementor-widget elementor-widget-image\" data-id=\"ebf595d\" data-element_type=\"widget\" data-widget_type=\"image.default\">\n\t\t\t\t<div class=\"elementor-widget-container\">\n\t\t\t\t\t\t\t\t\t\t\t\t\t\t\t\t<a href=\"https:\/\/dounia-decor.com\/wp-content\/uploads\/2025\/02\/fresque-terre.jpg\" data-elementor-open-lightbox=\"yes\" data-elementor-lightbox-title=\"fresque-terre\" data-e-action-hash=\"#elementor-action%3Aaction%3Dlightbox%26settings%3DeyJpZCI6MzA5MCwidXJsIjoiaHR0cHM6XC9cL2RvdW5pYS1kZWNvci5jb21cL3dwLWNvbnRlbnRcL3VwbG9hZHNcLzIwMjVcLzAyXC9mcmVzcXVlLXRlcnJlLmpwZyJ9\" data-rel=\"lightbox-gallery-BRq4sNo1\" data-rl_title=\"\" data-rl_caption=\"\" title=\"\">\n\t\t\t\t\t\t\t<img loading=\"lazy\" decoding=\"async\" width=\"1024\" height=\"1024\" src=\"https:\/\/dounia-decor.com\/wp-content\/uploads\/2025\/02\/fresque-terre-1024x1024.jpg\" class=\"attachment-large size-large wp-image-3090\" alt=\"fresque enduit terre\" srcset=\"https:\/\/dounia-decor.com\/wp-content\/uploads\/2025\/02\/fresque-terre-1024x1024.jpg 1024w, https:\/\/dounia-decor.com\/wp-content\/uploads\/2025\/02\/fresque-terre-300x300.jpg 300w, https:\/\/dounia-decor.com\/wp-content\/uploads\/2025\/02\/fresque-terre-150x150.jpg 150w, https:\/\/dounia-decor.com\/wp-content\/uploads\/2025\/02\/fresque-terre-768x768.jpg 768w, https:\/\/dounia-decor.com\/wp-content\/uploads\/2025\/02\/fresque-terre-425x425.jpg 425w, https:\/\/dounia-decor.com\/wp-content\/uploads\/2025\/02\/fresque-terre.jpg 1240w\" sizes=\"(max-width: 1024px) 100vw, 1024px\" \/>\t\t\t\t\t\t\t\t<\/a>\n\t\t\t\t\t\t\t\t\t\t\t\t\t\t\t<\/div>\n\t\t\t\t<\/div>\n\t\t\t\t\t<\/div>\n\t\t<\/div>\n\t\t\t\t\t<\/div>\n\t\t<\/section>\n\t\t\t\t<\/div>\n\t\t","protected":false},"excerpt":{"rendered":"<p>FresqueOrnements muraux A utiliser pour cr\u00e9er des ambiances vari\u00e9es selon vos envies : classique, moderne, chaleureux, fantaisie&#8230; La fresque peut donner de la profondeur \u00e0 votre pi\u00e8ce et am\u00e8ne du r\u00eave dans vos espaces. Ces d\u00e9cors s&rsquo;adaptent sur mesure pour personnaliser enti\u00e8rement votre projet. Pour des descriptions de chantiers d\u00e9taill\u00e9es, rendez-vous dans \u00ab\u00a0R\u00e9alisations\u00a0\u00bb<a class=\"more-link\" href=\"https:\/\/dounia-decor.com\/?page_id=1081\">Read More &rarr;<\/a><\/p>\n","protected":false},"author":1,"featured_media":0,"parent":0,"menu_order":0,"comment_status":"closed","ping_status":"closed","template":"","meta":{"footnotes":""},"class_list":["entry","author-admin","post-1081","page","type-page","status-publish"],"_links":{"self":[{"href":"https:\/\/dounia-decor.com\/index.php?rest_route=\/wp\/v2\/pages\/1081","targetHints":{"allow":["GET"]}}],"collection":[{"href":"https:\/\/dounia-decor.com\/index.php?rest_route=\/wp\/v2\/pages"}],"about":[{"href":"https:\/\/dounia-decor.com\/index.php?rest_route=\/wp\/v2\/types\/page"}],"author":[{"embeddable":true,"href":"https:\/\/dounia-decor.com\/index.php?rest_route=\/wp\/v2\/users\/1"}],"replies":[{"embeddable":true,"href":"https:\/\/dounia-decor.com\/index.php?rest_route=%2Fwp%2Fv2%2Fcomments&post=1081"}],"version-history":[{"count":28,"href":"https:\/\/dounia-decor.com\/index.php?rest_route=\/wp\/v2\/pages\/1081\/revisions"}],"predecessor-version":[{"id":3097,"href":"https:\/\/dounia-decor.com\/index.php?rest_route=\/wp\/v2\/pages\/1081\/revisions\/3097"}],"wp:attachment":[{"href":"https:\/\/dounia-decor.com\/index.php?rest_route=%2Fwp%2Fv2%2Fmedia&parent=1081"}],"curies":[{"name":"wp","href":"https:\/\/api.w.org\/{rel}","templated":true}]}}