{"id":123,"date":"2020-09-05T15:37:11","date_gmt":"2020-09-05T13:37:11","guid":{"rendered":"http:\/\/dounia.yo1f.ovh\/wordpress\/?page_id=123"},"modified":"2023-12-14T17:27:52","modified_gmt":"2023-12-14T16:27:52","slug":"parcours","status":"publish","type":"page","link":"https:\/\/dounia-decor.com\/?page_id=123","title":{"rendered":"Parcours"},"content":{"rendered":"\t\t<div data-elementor-type=\"wp-page\" data-elementor-id=\"123\" class=\"elementor elementor-123\">\n\t\t\t\t\t\t<section class=\"elementor-section elementor-top-section elementor-element elementor-element-d232dc5 elementor-section-boxed elementor-section-height-default elementor-section-height-default\" data-id=\"d232dc5\" data-element_type=\"section\">\n\t\t\t\t\t\t<div class=\"elementor-container elementor-column-gap-default\">\n\t\t\t\t\t<div class=\"elementor-column elementor-col-50 elementor-top-column elementor-element elementor-element-fc365da\" data-id=\"fc365da\" data-element_type=\"column\">\n\t\t\t<div class=\"elementor-widget-wrap elementor-element-populated\">\n\t\t\t\t\t\t<div class=\"elementor-element elementor-element-bd1da4f elementor-widget elementor-widget-heading\" data-id=\"bd1da4f\" data-element_type=\"widget\" data-widget_type=\"heading.default\">\n\t\t\t\t<div class=\"elementor-widget-container\">\n\t\t\t\t\t<h2 class=\"elementor-heading-title elementor-size-default\">Parcours<\/h2>\t\t\t\t<\/div>\n\t\t\t\t<\/div>\n\t\t\t\t<div class=\"elementor-element elementor-element-126bade elementor-widget elementor-widget-text-editor\" data-id=\"126bade\" data-element_type=\"widget\" data-widget_type=\"text-editor.default\">\n\t\t\t\t<div class=\"elementor-widget-container\">\n\t\t\t\t\t\t\t\t\t<p>Depuis l&rsquo;enfance je dessine, peint, sculpte, et exp\u00e9rimente avec la mati\u00e8re et les couleurs.<\/p><p>Mon parcours scolaire s&rsquo;articule autours de cela, et j&rsquo;\u00e9tudie ainsi l&rsquo;histoire de l&rsquo;art \u00e0 Rennes II avant de passer une licence aux<a href=\"https:\/\/www.eesi.eu\/site\/index.php\" target=\"_blank\" rel=\"noopener\"> beaux arts d&rsquo;Angoul\u00eame<\/a>. Mais ce sont aussi toutes les heures pass\u00e9es dans les ateliers d&rsquo;artistes qui ont attis\u00e9 mon go\u00fbt pour l&rsquo;art et qui ont form\u00e9 mon oeil et ma main. Merci \u00e0 eux de m&rsquo;avoir ouvert leur porte.<\/p><p>Je me dirige d\u2019abord vers l&rsquo;illustration, avec un premier livre pour enfants <em>Jungle Urbaine<\/em> puis je d\u00e9bute une formation \u00e0 <a href=\"https:\/\/www.ecole-decor.fr\/\" target=\"_blank\" rel=\"noopener\">l\u2019\u00c9cole fran\u00e7aise du D\u00e9cor Peint<\/a>, o\u00f9 j&rsquo;apprends un m\u00e9tier qui lie mon go\u00fbt pour les grands formats, pour le b\u00e2tit ancien, les techniques naturelles et anciennes&#8230;.<\/p><p>J&rsquo;y d\u00e9couvre une grande bo\u00eete \u00e0 outils qui me permet d&rsquo;explorer des univers tr\u00e8s vari\u00e9s, une recherche que je poursuis \u00e9galement \u00e0 travers mes projets de cr\u00e9ation personnels.<\/p>\t\t\t\t\t\t\t\t<\/div>\n\t\t\t\t<\/div>\n\t\t\t\t\t<\/div>\n\t\t<\/div>\n\t\t\t\t<div class=\"elementor-column elementor-col-50 elementor-top-column elementor-element elementor-element-0399b26\" data-id=\"0399b26\" data-element_type=\"column\">\n\t\t\t<div class=\"elementor-widget-wrap elementor-element-populated\">\n\t\t\t\t\t\t<div class=\"elementor-element elementor-element-c824669 elementor-widget elementor-widget-image\" data-id=\"c824669\" data-element_type=\"widget\" data-widget_type=\"image.default\">\n\t\t\t\t<div class=\"elementor-widget-container\">\n\t\t\t\t\t\t\t\t\t\t\t\t\t\t\t<img fetchpriority=\"high\" decoding=\"async\" width=\"1024\" height=\"1024\" src=\"https:\/\/dounia-decor.com\/wp-content\/uploads\/2021\/02\/palette-1024x1024.jpg\" class=\"attachment-large size-large wp-image-1170\" alt=\"\" srcset=\"https:\/\/dounia-decor.com\/wp-content\/uploads\/2021\/02\/palette-1024x1024.jpg 1024w, https:\/\/dounia-decor.com\/wp-content\/uploads\/2021\/02\/palette-300x300.jpg 300w, https:\/\/dounia-decor.com\/wp-content\/uploads\/2021\/02\/palette-150x150.jpg 150w, https:\/\/dounia-decor.com\/wp-content\/uploads\/2021\/02\/palette-768x768.jpg 768w, https:\/\/dounia-decor.com\/wp-content\/uploads\/2021\/02\/palette-425x425.jpg 425w, https:\/\/dounia-decor.com\/wp-content\/uploads\/2021\/02\/palette.jpg 1240w\" sizes=\"(max-width: 1024px) 100vw, 1024px\" \/>\t\t\t\t\t\t\t\t\t\t\t\t\t\t\t<\/div>\n\t\t\t\t<\/div>\n\t\t\t\t\t<\/div>\n\t\t<\/div>\n\t\t\t\t\t<\/div>\n\t\t<\/section>\n\t\t\t\t<\/div>\n\t\t","protected":false},"excerpt":{"rendered":"<p>Parcours Depuis l&rsquo;enfance je dessine, peint, sculpte, et exp\u00e9rimente avec la mati\u00e8re et les couleurs. Mon parcours scolaire s&rsquo;articule autours de cela, et j&rsquo;\u00e9tudie ainsi l&rsquo;histoire de l&rsquo;art \u00e0 Rennes II avant de passer une licence aux beaux arts d&rsquo;Angoul\u00eame. Mais ce sont aussi toutes les heures pass\u00e9es dans les ateliers d&rsquo;artistes qui ont attis\u00e9 mon go\u00fbt pour l&rsquo;art et qui ont form\u00e9 mon oeil et ma main. Merci \u00e0 eux de m&rsquo;avoir ouvert leur porte. Je me dirige d\u2019abord vers l&rsquo;illustration, avec un premier livre pour enfants Jungle Urbaine puis je d\u00e9bute une formation \u00e0 l\u2019\u00c9cole fran\u00e7aise du D\u00e9cor Peint, o\u00f9 j&rsquo;apprends un m\u00e9tier<a class=\"more-link\" href=\"https:\/\/dounia-decor.com\/?page_id=123\">Read More &rarr;<\/a><\/p>\n","protected":false},"author":1,"featured_media":0,"parent":0,"menu_order":0,"comment_status":"closed","ping_status":"closed","template":"","meta":{"footnotes":""},"class_list":["entry","author-admin","post-123","page","type-page","status-publish"],"_links":{"self":[{"href":"https:\/\/dounia-decor.com\/index.php?rest_route=\/wp\/v2\/pages\/123","targetHints":{"allow":["GET"]}}],"collection":[{"href":"https:\/\/dounia-decor.com\/index.php?rest_route=\/wp\/v2\/pages"}],"about":[{"href":"https:\/\/dounia-decor.com\/index.php?rest_route=\/wp\/v2\/types\/page"}],"author":[{"embeddable":true,"href":"https:\/\/dounia-decor.com\/index.php?rest_route=\/wp\/v2\/users\/1"}],"replies":[{"embeddable":true,"href":"https:\/\/dounia-decor.com\/index.php?rest_route=%2Fwp%2Fv2%2Fcomments&post=123"}],"version-history":[{"count":3,"href":"https:\/\/dounia-decor.com\/index.php?rest_route=\/wp\/v2\/pages\/123\/revisions"}],"predecessor-version":[{"id":2877,"href":"https:\/\/dounia-decor.com\/index.php?rest_route=\/wp\/v2\/pages\/123\/revisions\/2877"}],"wp:attachment":[{"href":"https:\/\/dounia-decor.com\/index.php?rest_route=%2Fwp%2Fv2%2Fmedia&parent=123"}],"curies":[{"name":"wp","href":"https:\/\/api.w.org\/{rel}","templated":true}]}}