{"id":627,"date":"2021-01-26T19:05:16","date_gmt":"2021-01-26T18:05:16","guid":{"rendered":"http:\/\/dounia.yo1f.ovh\/wordpress\/?page_id=627"},"modified":"2025-02-08T18:28:31","modified_gmt":"2025-02-08T17:28:31","slug":"imitation-trompe-loeil","status":"publish","type":"page","link":"https:\/\/dounia-decor.com\/?page_id=627","title":{"rendered":"Imitation, Trompe l&rsquo;oeil"},"content":{"rendered":"\t\t<div data-elementor-type=\"wp-page\" data-elementor-id=\"627\" class=\"elementor elementor-627\">\n\t\t\t\t\t\t<section class=\"elementor-section elementor-top-section elementor-element elementor-element-69efdac elementor-section-boxed elementor-section-height-default elementor-section-height-default\" data-id=\"69efdac\" data-element_type=\"section\">\n\t\t\t\t\t\t<div class=\"elementor-container elementor-column-gap-default\">\n\t\t\t\t\t<div class=\"elementor-column elementor-col-50 elementor-top-column elementor-element elementor-element-3f24455\" data-id=\"3f24455\" data-element_type=\"column\">\n\t\t\t<div class=\"elementor-widget-wrap elementor-element-populated\">\n\t\t\t\t\t\t<div class=\"elementor-element elementor-element-49c142f elementor-vertical-align-top elementor-invisible elementor-widget elementor-widget-image-box\" data-id=\"49c142f\" data-element_type=\"widget\" data-settings=\"{&quot;_animation&quot;:&quot;fadeIn&quot;}\" data-widget_type=\"image-box.default\">\n\t\t\t\t<div class=\"elementor-widget-container\">\n\t\t\t\t\t<div class=\"elementor-image-box-wrapper\"><div class=\"elementor-image-box-content\"><h3 class=\"elementor-image-box-title\">Imitation<br><br>Trompe l'Oeil<br><\/h3><p class=\"elementor-image-box-description\"><br><br>Pour cr\u00e9er de la profondeur dans un espace<br>Ajouter un \u00e9l\u00e9ment architectural : fen\u00eatre, arche, colonne...<br><br>Cr\u00e9er de faux reliefs sur une surface plane : moulure de boiserie, corniche...<br><br>Les imitations de mati\u00e8re permettent quant \u00e0 elles de camoufler des boiseries abim\u00e9es ou de changer d'aspect plinthes, portes, plafonds \u00e0 l'envie<br><br>\nPour des descriptions de chantiers d\u00e9taill\u00e9es, rendez-vous dans <a href=\"https:\/\/dounia-decor.com\/?page_id=133\">  \"R\u00e9alisations\" <\/a><\/p><\/div><\/div>\t\t\t\t<\/div>\n\t\t\t\t<\/div>\n\t\t\t\t\t<\/div>\n\t\t<\/div>\n\t\t\t\t<div class=\"elementor-column elementor-col-50 elementor-top-column elementor-element elementor-element-f57dd78\" data-id=\"f57dd78\" data-element_type=\"column\">\n\t\t\t<div class=\"elementor-widget-wrap elementor-element-populated\">\n\t\t\t\t\t\t<div class=\"elementor-element elementor-element-eb16461 elementor-invisible elementor-widget elementor-widget-image\" data-id=\"eb16461\" data-element_type=\"widget\" data-settings=\"{&quot;_animation&quot;:&quot;fadeIn&quot;}\" data-widget_type=\"image.default\">\n\t\t\t\t<div class=\"elementor-widget-container\">\n\t\t\t\t\t\t\t\t\t\t\t\t\t\t\t\t<a href=\"http:\/\/dounia-decor.com\/wp-content\/uploads\/2020\/10\/prestations-trompe.jpg\" data-elementor-open-lightbox=\"yes\" data-elementor-lightbox-title=\"Nature Morte\" data-e-action-hash=\"#elementor-action%3Aaction%3Dlightbox%26settings%3DeyJpZCI6MTkxLCJ1cmwiOiJodHRwczpcL1wvZG91bmlhLWRlY29yLmNvbVwvd3AtY29udGVudFwvdXBsb2Fkc1wvMjAyMFwvMTBcL3ByZXN0YXRpb25zLXRyb21wZS5qcGcifQ%3D%3D\" data-rel=\"lightbox-gallery-OVqMW761\" data-rl_title=\"\" data-rl_caption=\"\" title=\"\">\n\t\t\t\t\t\t\t<img fetchpriority=\"high\" decoding=\"async\" width=\"1024\" height=\"1024\" src=\"https:\/\/dounia-decor.com\/wp-content\/uploads\/2020\/10\/prestations-trompe-1024x1024.jpg\" class=\"attachment-large size-large wp-image-191\" alt=\"Nature Morte trompe l&#039;oeil\" srcset=\"https:\/\/dounia-decor.com\/wp-content\/uploads\/2020\/10\/prestations-trompe-1024x1024.jpg 1024w, https:\/\/dounia-decor.com\/wp-content\/uploads\/2020\/10\/prestations-trompe-300x300.jpg 300w, https:\/\/dounia-decor.com\/wp-content\/uploads\/2020\/10\/prestations-trompe-150x150.jpg 150w, https:\/\/dounia-decor.com\/wp-content\/uploads\/2020\/10\/prestations-trompe-768x768.jpg 768w, https:\/\/dounia-decor.com\/wp-content\/uploads\/2020\/10\/prestations-trompe-1536x1536.jpg 1536w, https:\/\/dounia-decor.com\/wp-content\/uploads\/2020\/10\/prestations-trompe-2048x2048.jpg 2048w, https:\/\/dounia-decor.com\/wp-content\/uploads\/2020\/10\/prestations-trompe-425x425.jpg 425w\" sizes=\"(max-width: 1024px) 100vw, 1024px\" \/>\t\t\t\t\t\t\t\t<\/a>\n\t\t\t\t\t\t\t\t\t\t\t\t\t\t\t<\/div>\n\t\t\t\t<\/div>\n\t\t\t\t\t<\/div>\n\t\t<\/div>\n\t\t\t\t\t<\/div>\n\t\t<\/section>\n\t\t\t\t<section class=\"elementor-section elementor-top-section elementor-element elementor-element-6cf2c43 elementor-section-boxed elementor-section-height-default elementor-section-height-default\" data-id=\"6cf2c43\" data-element_type=\"section\">\n\t\t\t\t\t\t<div class=\"elementor-container elementor-column-gap-default\">\n\t\t\t\t\t<div class=\"elementor-column elementor-col-100 elementor-top-column elementor-element elementor-element-2dab81c\" data-id=\"2dab81c\" data-element_type=\"column\">\n\t\t\t<div class=\"elementor-widget-wrap elementor-element-populated\">\n\t\t\t\t\t\t<div class=\"elementor-element elementor-element-87997f1 elementor-widget elementor-widget-image\" data-id=\"87997f1\" data-element_type=\"widget\" data-widget_type=\"image.default\">\n\t\t\t\t<div class=\"elementor-widget-container\">\n\t\t\t\t\t\t\t\t\t\t\t\t\t\t\t\t<a href=\"http:\/\/dounia-decor.com\/wp-content\/uploads\/2021\/08\/ornement3.jpg\" data-elementor-open-lightbox=\"yes\" data-elementor-lightbox-title=\"Ornement en trompe l&#039;oeil\" data-e-action-hash=\"#elementor-action%3Aaction%3Dlightbox%26settings%3DeyJpZCI6MjMyNywidXJsIjoiaHR0cHM6XC9cL2RvdW5pYS1kZWNvci5jb21cL3dwLWNvbnRlbnRcL3VwbG9hZHNcLzIwMjFcLzA4XC9vcm5lbWVudDMuanBnIn0%3D\" data-rel=\"lightbox-gallery-OVqMW761\" data-rl_title=\"\" data-rl_caption=\"\" title=\"\">\n\t\t\t\t\t\t\t<img decoding=\"async\" width=\"1417\" height=\"709\" src=\"https:\/\/dounia-decor.com\/wp-content\/uploads\/2021\/08\/ornement3.jpg\" class=\"attachment-full size-full wp-image-2327\" alt=\"ornement trompe l&#039;oeil imitation de marbre\" srcset=\"https:\/\/dounia-decor.com\/wp-content\/uploads\/2021\/08\/ornement3.jpg 1417w, https:\/\/dounia-decor.com\/wp-content\/uploads\/2021\/08\/ornement3-300x150.jpg 300w, https:\/\/dounia-decor.com\/wp-content\/uploads\/2021\/08\/ornement3-1024x512.jpg 1024w, https:\/\/dounia-decor.com\/wp-content\/uploads\/2021\/08\/ornement3-768x384.jpg 768w, https:\/\/dounia-decor.com\/wp-content\/uploads\/2021\/08\/ornement3-425x213.jpg 425w\" sizes=\"(max-width: 1417px) 100vw, 1417px\" \/>\t\t\t\t\t\t\t\t<\/a>\n\t\t\t\t\t\t\t\t\t\t\t\t\t\t\t<\/div>\n\t\t\t\t<\/div>\n\t\t\t\t\t<\/div>\n\t\t<\/div>\n\t\t\t\t\t<\/div>\n\t\t<\/section>\n\t\t\t\t<section class=\"elementor-section elementor-top-section elementor-element elementor-element-ad0e031 elementor-section-boxed elementor-section-height-default elementor-section-height-default\" data-id=\"ad0e031\" data-element_type=\"section\">\n\t\t\t\t\t\t<div class=\"elementor-container elementor-column-gap-default\">\n\t\t\t\t\t<div class=\"elementor-column elementor-col-33 elementor-top-column elementor-element elementor-element-a03e746\" data-id=\"a03e746\" data-element_type=\"column\">\n\t\t\t<div class=\"elementor-widget-wrap elementor-element-populated\">\n\t\t\t\t\t\t<div class=\"elementor-element elementor-element-438b61e elementor-widget elementor-widget-image\" data-id=\"438b61e\" data-element_type=\"widget\" data-widget_type=\"image.default\">\n\t\t\t\t<div class=\"elementor-widget-container\">\n\t\t\t\t\t\t\t\t\t\t\t\t\t\t\t\t<a href=\"https:\/\/dounia-decor.com\/wp-content\/uploads\/2021\/01\/colonnecarree.jpg\" data-elementor-open-lightbox=\"yes\" data-elementor-lightbox-title=\"Faux marbre Jaune de Sienne\" data-e-action-hash=\"#elementor-action%3Aaction%3Dlightbox%26settings%3DeyJpZCI6NzAzLCJ1cmwiOiJodHRwczpcL1wvZG91bmlhLWRlY29yLmNvbVwvd3AtY29udGVudFwvdXBsb2Fkc1wvMjAyMVwvMDFcL2NvbG9ubmVjYXJyZWUuanBnIn0%3D\" data-rel=\"lightbox-gallery-OVqMW761\" data-rl_title=\"\" data-rl_caption=\"\" title=\"\">\n\t\t\t\t\t\t\t<img decoding=\"async\" width=\"737\" height=\"737\" src=\"https:\/\/dounia-decor.com\/wp-content\/uploads\/2021\/01\/colonnecarree.jpg\" class=\"attachment-large size-large wp-image-703\" alt=\"imitation de mati\u00e8re Faux marbre Jaune de Sienne\" srcset=\"https:\/\/dounia-decor.com\/wp-content\/uploads\/2021\/01\/colonnecarree.jpg 737w, https:\/\/dounia-decor.com\/wp-content\/uploads\/2021\/01\/colonnecarree-300x300.jpg 300w, https:\/\/dounia-decor.com\/wp-content\/uploads\/2021\/01\/colonnecarree-150x150.jpg 150w, https:\/\/dounia-decor.com\/wp-content\/uploads\/2021\/01\/colonnecarree-425x425.jpg 425w\" sizes=\"(max-width: 737px) 100vw, 737px\" \/>\t\t\t\t\t\t\t\t<\/a>\n\t\t\t\t\t\t\t\t\t\t\t\t\t\t\t<\/div>\n\t\t\t\t<\/div>\n\t\t\t\t\t<\/div>\n\t\t<\/div>\n\t\t\t\t<div class=\"elementor-column elementor-col-33 elementor-top-column elementor-element elementor-element-d5a02a9\" data-id=\"d5a02a9\" data-element_type=\"column\">\n\t\t\t<div class=\"elementor-widget-wrap elementor-element-populated\">\n\t\t\t\t\t\t<div class=\"elementor-element elementor-element-4ee27aa elementor-widget elementor-widget-image\" data-id=\"4ee27aa\" data-element_type=\"widget\" data-widget_type=\"image.default\">\n\t\t\t\t<div class=\"elementor-widget-container\">\n\t\t\t\t\t\t\t\t\t\t\t\t\t\t\t\t<a href=\"https:\/\/dounia-decor.com\/wp-content\/uploads\/2021\/01\/marbre22.jpg\" data-elementor-open-lightbox=\"yes\" data-elementor-lightbox-title=\"Faux marbre blanc\" data-e-action-hash=\"#elementor-action%3Aaction%3Dlightbox%26settings%3DeyJpZCI6NzAxLCJ1cmwiOiJodHRwczpcL1wvZG91bmlhLWRlY29yLmNvbVwvd3AtY29udGVudFwvdXBsb2Fkc1wvMjAyMVwvMDFcL21hcmJyZTIyLmpwZyJ9\" data-rel=\"lightbox-gallery-OVqMW761\" data-rl_title=\"\" data-rl_caption=\"\" title=\"\">\n\t\t\t\t\t\t\t<img loading=\"lazy\" decoding=\"async\" width=\"1024\" height=\"1024\" src=\"https:\/\/dounia-decor.com\/wp-content\/uploads\/2021\/01\/marbre22-1024x1024.jpg\" class=\"attachment-large size-large wp-image-701\" alt=\"Faux marbre blanc imitation de mati\u00e8re\" srcset=\"https:\/\/dounia-decor.com\/wp-content\/uploads\/2021\/01\/marbre22-1024x1024.jpg 1024w, https:\/\/dounia-decor.com\/wp-content\/uploads\/2021\/01\/marbre22-300x300.jpg 300w, https:\/\/dounia-decor.com\/wp-content\/uploads\/2021\/01\/marbre22-150x150.jpg 150w, https:\/\/dounia-decor.com\/wp-content\/uploads\/2021\/01\/marbre22-768x768.jpg 768w, https:\/\/dounia-decor.com\/wp-content\/uploads\/2021\/01\/marbre22-425x425.jpg 425w, https:\/\/dounia-decor.com\/wp-content\/uploads\/2021\/01\/marbre22.jpg 1240w\" sizes=\"(max-width: 1024px) 100vw, 1024px\" \/>\t\t\t\t\t\t\t\t<\/a>\n\t\t\t\t\t\t\t\t\t\t\t\t\t\t\t<\/div>\n\t\t\t\t<\/div>\n\t\t\t\t\t<\/div>\n\t\t<\/div>\n\t\t\t\t<div class=\"elementor-column elementor-col-33 elementor-top-column elementor-element elementor-element-ca4ab62\" data-id=\"ca4ab62\" data-element_type=\"column\">\n\t\t\t<div class=\"elementor-widget-wrap elementor-element-populated\">\n\t\t\t\t\t\t<div class=\"elementor-element elementor-element-fa1cc14 elementor-widget elementor-widget-image\" data-id=\"fa1cc14\" data-element_type=\"widget\" data-widget_type=\"image.default\">\n\t\t\t\t<div class=\"elementor-widget-container\">\n\t\t\t\t\t\t\t\t\t\t\t\t\t\t\t\t<a href=\"https:\/\/dounia-decor.com\/wp-content\/uploads\/2021\/01\/chenecarre.jpg\" data-elementor-open-lightbox=\"yes\" data-elementor-lightbox-title=\"Faux bois - Ch\u00eane Clair\" data-e-action-hash=\"#elementor-action%3Aaction%3Dlightbox%26settings%3DeyJpZCI6NzAyLCJ1cmwiOiJodHRwczpcL1wvZG91bmlhLWRlY29yLmNvbVwvd3AtY29udGVudFwvdXBsb2Fkc1wvMjAyMVwvMDFcL2NoZW5lY2FycmUuanBnIn0%3D\" data-rel=\"lightbox-gallery-OVqMW761\" data-rl_title=\"\" data-rl_caption=\"\" title=\"\">\n\t\t\t\t\t\t\t<img loading=\"lazy\" decoding=\"async\" width=\"737\" height=\"737\" src=\"https:\/\/dounia-decor.com\/wp-content\/uploads\/2021\/01\/chenecarre.jpg\" class=\"attachment-large size-large wp-image-702\" alt=\"Faux bois - Ch\u00eane Clair imitation de mati\u00e8re\" srcset=\"https:\/\/dounia-decor.com\/wp-content\/uploads\/2021\/01\/chenecarre.jpg 737w, https:\/\/dounia-decor.com\/wp-content\/uploads\/2021\/01\/chenecarre-300x300.jpg 300w, https:\/\/dounia-decor.com\/wp-content\/uploads\/2021\/01\/chenecarre-150x150.jpg 150w, https:\/\/dounia-decor.com\/wp-content\/uploads\/2021\/01\/chenecarre-425x425.jpg 425w\" sizes=\"(max-width: 737px) 100vw, 737px\" \/>\t\t\t\t\t\t\t\t<\/a>\n\t\t\t\t\t\t\t\t\t\t\t\t\t\t\t<\/div>\n\t\t\t\t<\/div>\n\t\t\t\t\t<\/div>\n\t\t<\/div>\n\t\t\t\t\t<\/div>\n\t\t<\/section>\n\t\t\t\t<section class=\"elementor-section elementor-top-section elementor-element elementor-element-74d2036 elementor-section-boxed elementor-section-height-default elementor-section-height-default\" data-id=\"74d2036\" data-element_type=\"section\">\n\t\t\t\t\t\t<div class=\"elementor-container elementor-column-gap-default\">\n\t\t\t\t\t<div class=\"elementor-column elementor-col-100 elementor-top-column elementor-element elementor-element-cdf6379\" data-id=\"cdf6379\" data-element_type=\"column\">\n\t\t\t<div class=\"elementor-widget-wrap elementor-element-populated\">\n\t\t\t\t\t\t<div class=\"elementor-element elementor-element-6803a27 elementor-widget elementor-widget-image\" data-id=\"6803a27\" data-element_type=\"widget\" data-widget_type=\"image.default\">\n\t\t\t\t<div class=\"elementor-widget-container\">\n\t\t\t\t\t\t\t\t\t\t\t\t\t\t\t\t<a href=\"https:\/\/dounia-decor.com\/wp-content\/uploads\/2021\/05\/ciel1.jpg\" data-elementor-open-lightbox=\"yes\" data-elementor-lightbox-title=\"ciel1\" data-e-action-hash=\"#elementor-action%3Aaction%3Dlightbox%26settings%3DeyJpZCI6MTUzMiwidXJsIjoiaHR0cHM6XC9cL2RvdW5pYS1kZWNvci5jb21cL3dwLWNvbnRlbnRcL3VwbG9hZHNcLzIwMjFcLzA1XC9jaWVsMS5qcGcifQ%3D%3D\" data-rel=\"lightbox-gallery-OVqMW761\" data-rl_title=\"\" data-rl_caption=\"\">\n\t\t\t\t\t\t\t<img decoding=\"async\" src=\"https:\/\/dounia-decor.com\/wp-content\/uploads\/2021\/05\/ciel1.jpg\" title=\"\" alt=\"ciel1\" loading=\"lazy\" \/>\t\t\t\t\t\t\t\t<\/a>\n\t\t\t\t\t\t\t\t\t\t\t\t\t\t\t<\/div>\n\t\t\t\t<\/div>\n\t\t\t\t\t<\/div>\n\t\t<\/div>\n\t\t\t\t\t<\/div>\n\t\t<\/section>\n\t\t\t\t<\/div>\n\t\t","protected":false},"excerpt":{"rendered":"<p>Imitation Trompe l&rsquo;Oeil Pour cr\u00e9er de la profondeur dans un espaceAjouter un \u00e9l\u00e9ment architectural : fen\u00eatre, arche, colonne&#8230; Cr\u00e9er de faux reliefs sur une surface plane : moulure de boiserie, corniche&#8230; Les imitations de mati\u00e8re permettent quant \u00e0 elles de camoufler des boiseries abim\u00e9es ou de changer d&rsquo;aspect plinthes, portes, plafonds \u00e0 l&rsquo;envie Pour des descriptions de chantiers d\u00e9taill\u00e9es, rendez-vous dans \u00ab\u00a0R\u00e9alisations\u00a0\u00bb<a class=\"more-link\" href=\"https:\/\/dounia-decor.com\/?page_id=627\">Read More &rarr;<\/a><\/p>\n","protected":false},"author":1,"featured_media":0,"parent":0,"menu_order":0,"comment_status":"closed","ping_status":"closed","template":"","meta":{"footnotes":""},"class_list":["entry","author-admin","post-627","page","type-page","status-publish"],"_links":{"self":[{"href":"https:\/\/dounia-decor.com\/index.php?rest_route=\/wp\/v2\/pages\/627","targetHints":{"allow":["GET"]}}],"collection":[{"href":"https:\/\/dounia-decor.com\/index.php?rest_route=\/wp\/v2\/pages"}],"about":[{"href":"https:\/\/dounia-decor.com\/index.php?rest_route=\/wp\/v2\/types\/page"}],"author":[{"embeddable":true,"href":"https:\/\/dounia-decor.com\/index.php?rest_route=\/wp\/v2\/users\/1"}],"replies":[{"embeddable":true,"href":"https:\/\/dounia-decor.com\/index.php?rest_route=%2Fwp%2Fv2%2Fcomments&post=627"}],"version-history":[{"count":38,"href":"https:\/\/dounia-decor.com\/index.php?rest_route=\/wp\/v2\/pages\/627\/revisions"}],"predecessor-version":[{"id":3047,"href":"https:\/\/dounia-decor.com\/index.php?rest_route=\/wp\/v2\/pages\/627\/revisions\/3047"}],"wp:attachment":[{"href":"https:\/\/dounia-decor.com\/index.php?rest_route=%2Fwp%2Fv2%2Fmedia&parent=627"}],"curies":[{"name":"wp","href":"https:\/\/api.w.org\/{rel}","templated":true}]}}